{"id":17,"date":"2011-08-28T22:59:59","date_gmt":"2011-08-28T20:59:59","guid":{"rendered":"http:\/\/evvsm.com\/newsite\/?page_id=17"},"modified":"2025-08-04T22:21:19","modified_gmt":"2025-08-04T20:21:19","slug":"le-club","status":"publish","type":"page","link":"https:\/\/evvsm.com\/newsite\/le-club\/","title":{"rendered":"Le club"},"content":{"rendered":"<p>L&rsquo;EVVSM c&rsquo;est \u00a0&#8230;<\/p>\n<p>\u2666 \u00a0Un des premiers clubs formateurs\u00a0 en Haute-Normandie !<\/p>\n<p>\u2666\u00a0 Plus de 200 licenci\u00e9s dont plus de 140 jeunes dans un club labellis\u00e9 Club Formateur Futur en 2024\/2025 par la FFVolley.<\/p>\n<p>\u2666\u00a0 Une \u00e9quipe premi\u00e8re senior masculine qui \u00e9volue en Pr\u00e9nationale<\/p>\n<p>\u2666\u00a0 Une seconde \u00e9quipe senior masculine qui \u00e9volue en D\u00e9partementale (depuis la saison 2021\/2022)<\/p>\n<p>\u2666\u00a0 Une \u00e9quipe senior f\u00e9minine qui \u00e9volue en Pr\u00e9nationale<\/p>\n<p>\u2666\u00a0 Nos tr\u00e8s sympathiques \u00e9quipes loisirs sur Saint-Marcel qui ont un taux de participation proche de 100% \u00e0 tous les tournois organis\u00e9s par le Comit\u00e9 D\u00e9partemental de l&rsquo;Eure<\/p>\n<p>\u2666\u00a0 Des \u00e9quipes jeunes (de M9 \u00e0 M18) engag\u00e9es sur des plateaux D\u00e9partementaux et R\u00e9gionaux, et pour certaines en Coupe de France<\/p>\n<h4><strong><em>Objectifs du club pour la saison 2025\/2026<\/em><\/strong><\/h4>\n<ul>\n<li>Renforcer la formation des jeunes et rester un club formateur de premier plan en Normandie ;<\/li>\n<li>Renforcer et p\u00e9renniser nos liens avec le milieu scolaire ;<\/li>\n<li>Maintien de nos \u00e9quipes senior en Pr\u00e9nationale<\/li>\n<li>Impliquer davantage nos licenci\u00e9s dans des actions de b\u00e9n\u00e9volat<\/li>\n<\/ul>\n<h4><strong><em>Les moyens pour y parvenir<\/em><\/strong> :<\/h4>\n<ul>\n<li><b>La formation encore et toujours<\/b><span style=\"font-weight: 400;\"> : formation du joueur (<\/span><b>20h d\u2019entra\u00eenements\/semaine)<\/b><span style=\"font-weight: 400;\"> avec une \u00e9quipe d&rsquo;entra\u00eeneurs qualifi\u00e9s, formation et perfectionnement de nos cadres jeunes et confirm\u00e9s, formation d&rsquo;arbitre\/marqueur pour tous les licenci\u00e9s le d\u00e9sirant ;<\/span><\/li>\n<li><span style=\"font-weight: 400;\">Des sections jeunes regroupant petits et pr\u00e9-ados, des op\u00e9rations d&rsquo;initiation organis\u00e9es dans les \u00e9coles primaires (\u00ab\u00a0smashy\u00a0\u00bb), des classes \u00ab\u00a0promotion volley\u00a0\u00bb au coll\u00e8ge Cervant\u00e8s ou classes \u00e0 options multi-sports \u00e0 Fran\u00e7ois Mitterrand ;<\/span><\/li>\n<li><span style=\"font-weight: 400;\">En relation avec la Mairie de VERNON, une participation active \u00e0 l\u2019\u00e9cole municipale du sport et de la culture ;<\/span><\/li>\n<li>L&rsquo;Espace Volley est dot\u00e9 du <b>site internet interactif <\/b>\u00a0<a href=\"http:\/\/www.evvsm.com\"><b>http:\/\/www.evvsm.com<\/b><\/a> <b>et d\u2019une page Facebook<\/b>. Tu y trouveras semaine apr\u00e8s semaine les infos sur : les matchs, arbitrages, tables de marque et les accompagnements d&rsquo;\u00e9quipes. &#8230; <b>Agis sur ces pages<\/b>, en donnant un commentaire sur ton dernier match, sur les photos, sur les \u00e9v\u00e9nements\u2026<\/li>\n<\/ul>\n","protected":false},"excerpt":{"rendered":"<p>L&rsquo;EVVSM c&rsquo;est \u00a0&#8230; \u2666 \u00a0Un des premiers clubs formateurs\u00a0 en Haute-Normandie ! \u2666\u00a0 Plus de 200 licenci\u00e9s dont plus de 140 jeunes dans un club labellis\u00e9 Club Formateur Futur en 2024\/2025 par la FFVolley. \u2666\u00a0 Une \u00e9quipe premi\u00e8re senior masculine &hellip; <a href=\"https:\/\/evvsm.com\/newsite\/le-club\/\">En lire plus <span class=\"meta-nav\">&rarr;<\/span><\/a><\/p>\n","protected":false},"author":1,"featured_media":0,"parent":0,"menu_order":0,"comment_status":"closed","ping_status":"closed","template":"","meta":[],"_links":{"self":[{"href":"https:\/\/evvsm.com\/newsite\/wp-json\/wp\/v2\/pages\/17"}],"collection":[{"href":"https:\/\/evvsm.com\/newsite\/wp-json\/wp\/v2\/pages"}],"about":[{"href":"https:\/\/evvsm.com\/newsite\/wp-json\/wp\/v2\/types\/page"}],"author":[{"embeddable":true,"href":"https:\/\/evvsm.com\/newsite\/wp-json\/wp\/v2\/users\/1"}],"replies":[{"embeddable":true,"href":"https:\/\/evvsm.com\/newsite\/wp-json\/wp\/v2\/comments?post=17"}],"version-history":[{"count":15,"href":"https:\/\/evvsm.com\/newsite\/wp-json\/wp\/v2\/pages\/17\/revisions"}],"predecessor-version":[{"id":1764,"href":"https:\/\/evvsm.com\/newsite\/wp-json\/wp\/v2\/pages\/17\/revisions\/1764"}],"wp:attachment":[{"href":"https:\/\/evvsm.com\/newsite\/wp-json\/wp\/v2\/media?parent=17"}],"curies":[{"name":"wp","href":"https:\/\/api.w.org\/{rel}","templated":true}]}}