{"id":25,"date":"2011-08-28T23:07:32","date_gmt":"2011-08-28T21:07:32","guid":{"rendered":"http:\/\/evvsm.com\/newsite\/?page_id=25"},"modified":"2025-08-04T22:45:24","modified_gmt":"2025-08-04T20:45:24","slug":"contact","status":"publish","type":"page","link":"https:\/\/evvsm.com\/newsite\/contact\/","title":{"rendered":"Contact"},"content":{"rendered":"<p><strong>Pr\u00e9sidente <\/strong>:<br \/>\nAxelle Buchet : 06 86 79 41 70<\/p>\n<p><strong><em> Si\u00e8ge social <\/em><\/strong>:<br \/>\nEspace Saint Exup\u00e9ry<br \/>\n3, rue Jules Ferry<br \/>\n27950 Saint Marcel<\/p>\n<p><strong> Adresser les courriers \u00e0 <\/strong>:<br \/>\nEVVSM<br \/>\nEspace Saint Exup\u00e9ry<br \/>\n3, rue Jules Ferry<br \/>\n27950 Saint Marcel<\/p>\n<p><strong>Contact Jeunes<\/strong> :<br \/>\nG\u00e9rard Meyer\u00a0 : 06 19 62 23 66<\/p>\n<p><strong>Contact Loisirs<\/strong> :<br \/>\nTanguy Charpentier : 07 81 13 17 15<\/p>\n<p><strong>Contact Senior Comp\u00e9tition<\/strong> :<br \/>\nMasc : Fabien Desgranges\u00a0 : 06 10 74 06 68<br \/>\nF\u00e9m : Tanguy Charpentier : 07 81 13 17 15<\/p>\n","protected":false},"excerpt":{"rendered":"<p>Pr\u00e9sidente : Axelle Buchet : 06 86 79 41 70 Si\u00e8ge social : Espace Saint Exup\u00e9ry 3, rue Jules Ferry 27950 Saint Marcel Adresser les courriers \u00e0 : EVVSM Espace Saint Exup\u00e9ry 3, rue Jules Ferry 27950 Saint Marcel Contact &hellip; <a href=\"https:\/\/evvsm.com\/newsite\/contact\/\">En lire plus <span class=\"meta-nav\">&rarr;<\/span><\/a><\/p>\n","protected":false},"author":8,"featured_media":0,"parent":0,"menu_order":0,"comment_status":"closed","ping_status":"closed","template":"","meta":[],"_links":{"self":[{"href":"https:\/\/evvsm.com\/newsite\/wp-json\/wp\/v2\/pages\/25"}],"collection":[{"href":"https:\/\/evvsm.com\/newsite\/wp-json\/wp\/v2\/pages"}],"about":[{"href":"https:\/\/evvsm.com\/newsite\/wp-json\/wp\/v2\/types\/page"}],"author":[{"embeddable":true,"href":"https:\/\/evvsm.com\/newsite\/wp-json\/wp\/v2\/users\/8"}],"replies":[{"embeddable":true,"href":"https:\/\/evvsm.com\/newsite\/wp-json\/wp\/v2\/comments?post=25"}],"version-history":[{"count":13,"href":"https:\/\/evvsm.com\/newsite\/wp-json\/wp\/v2\/pages\/25\/revisions"}],"predecessor-version":[{"id":1766,"href":"https:\/\/evvsm.com\/newsite\/wp-json\/wp\/v2\/pages\/25\/revisions\/1766"}],"wp:attachment":[{"href":"https:\/\/evvsm.com\/newsite\/wp-json\/wp\/v2\/media?parent=25"}],"curies":[{"name":"wp","href":"https:\/\/api.w.org\/{rel}","templated":true}]}}