{"id":34,"date":"2011-08-28T23:34:56","date_gmt":"2011-08-28T21:34:56","guid":{"rendered":"http:\/\/evvsm.com\/newsite\/?page_id=34"},"modified":"2022-11-09T15:18:56","modified_gmt":"2022-11-09T14:18:56","slug":"le-volley-loisir","status":"publish","type":"page","link":"https:\/\/evvsm.com\/newsite\/le-volley-loisir\/","title":{"rendered":"Le loisir"},"content":{"rendered":"<p>Si vous souhaitez faire du volley sans pour autant faire de comp\u00e9tition, la section loisir est pour vous !<br \/>\nDeux\u00a0s\u00e9ances par semaine sont organis\u00e9es encore cette ann\u00e9e :<\/p>\n<p>Les <strong>lundis\u00a0<\/strong>et <strong>jeudis <\/strong>de 19h30 \u00e0 21h30<br \/>\nau COSEC de Saint-Marcel<br \/>\n18 Rue de Barri\u00e8re 27950 Saint-Marcel<\/p>\n<p><iframe loading=\"lazy\" style=\"border: 0;\" src=\"https:\/\/www.google.com\/maps\/embed?pb=!1m14!1m8!1m3!1d4393.124510032193!2d1.4468185381257037!3d49.102459028671966!3m2!1i1024!2i768!4f13.1!3m3!1m2!1s0x47e6cb8333ff3c7b%3A0x51e5f8670622f64b!2s18+Rue+de+Barri%C3%A8re%2C+27950+Saint-Marcel!5e0!3m2!1sfr!2sfr!4v1541173950437\" width=\"300\" height=\"250\" frameborder=\"0\" allowfullscreen=\"allowfullscreen\"><\/iframe><\/p>\n<p><strong>Renseignements<\/strong> :<br \/>\nMiguel\u00a0:\u00a006 32 88 05 20<br \/>\nAlison : 06 35 39 34 10<\/p>\n<p>===============================================<\/p>\n<p>Des <span style=\"text-decoration: underline;\"><strong>tournois loisirs<\/strong><\/span> (\u00ab\u00a0Challenge Compet&rsquo;Lib\u00a0\u00bb) sont organis\u00e9s tout au long de l&rsquo;ann\u00e9e.<\/p>\n<p><span style=\"text-decoration: underline;\">Le principe<\/span> : chaque club du d\u00e9partement re\u00e7oit \u00e0 tour de r\u00f4le, et pendant son jour d&rsquo;entra\u00eenement, l&rsquo;ensemble des autres clubs pour faire un tournoi loisir.<br \/>\n<span style=\"text-decoration: underline;\">L&rsquo;objectif<\/span> : jouer contre d&rsquo;autres \u00e9quipes, dans une ambiance conviviale (=loisir !), et g\u00e9n\u00e9ralement les tournois s&rsquo;ach\u00e8vent par une petite (ou grosse) collation, les membres du club recevant \u00e9tant sollicit\u00e9s pour pr\u00e9parer des cakes\/quiches\/g\u00e2teaux\/etc&#8230;<\/p>\n<p><span style=\"text-decoration: underline;\">Le d\u00e9roulement<\/span> :<br \/>\nQuelques jours avant chaque tournoi, un mail est envoy\u00e9 \u00e0 l&rsquo;ensemble des joueurs pour sonder la participation. Il faut remplir le sondage \u00e0 ce lien : <a href=\"https:\/\/framadate.org\/evvsm\">https:\/\/framadate.org\/evvsm<\/a><br \/>\n<strong>Il faut absolument s&rsquo;inscrire pour participer au tournoi !!<\/strong><br \/>\nEn fonction du nombre d&rsquo;inscrits, nous pourrons engager 1 ou 2 \u00e9quipes. Attention, pour pouvoir avoir une deuxi\u00e8me \u00e9quipe il faut pr\u00e9venir t\u00f4t, le nombre d&rsquo;\u00e9quipes par club peut \u00eatre limit\u00e9.<\/p>\n<p>Pour ceux qui souhaitent s&rsquo;abonner au calendrier google mis \u00e0 jour r\u00e9guli\u00e8rement :<br \/>\n<span style=\"text-decoration: underline;\">Depuis un PC :<\/span> aller sur la page <a href=\"http:\/\/www.evvsm.com\">www.evvsm.com<\/a>, et tout en bas de la page, sur le calendrier, cliquer sur \u00ab\u00a0+GoogleAgenda\u00a0\u00bb<\/p>\n<p><a href=\"https:\/\/evvsm.com\/newsite\/wp-content\/uploads\/2022\/02\/CD27VB-COMPETLIB-2021-2022-fonctionnement-Mis-a-jour-15-02-22.pdf\">R\u00e8glement CD27 Loisir<\/a><\/p>\n<p><a href=\"https:\/\/evvsm.com\/newsite\/wp-content\/uploads\/2022\/11\/Calendrier-Loisirs-CD-27-04-11-2022.pdf\">Calendrier CD27 Loisir Saison 2022-2023 (version nov. 2022)<\/a><\/p>\n","protected":false},"excerpt":{"rendered":"<p>Si vous souhaitez faire du volley sans pour autant faire de comp\u00e9tition, la section loisir est pour vous ! Deux\u00a0s\u00e9ances par semaine sont organis\u00e9es encore cette ann\u00e9e : Les lundis\u00a0et jeudis de 19h30 \u00e0 21h30 au COSEC de Saint-Marcel 18 &hellip; <a href=\"https:\/\/evvsm.com\/newsite\/le-volley-loisir\/\">En lire plus <span class=\"meta-nav\">&rarr;<\/span><\/a><\/p>\n","protected":false},"author":1,"featured_media":0,"parent":0,"menu_order":0,"comment_status":"open","ping_status":"open","template":"","meta":[],"_links":{"self":[{"href":"https:\/\/evvsm.com\/newsite\/wp-json\/wp\/v2\/pages\/34"}],"collection":[{"href":"https:\/\/evvsm.com\/newsite\/wp-json\/wp\/v2\/pages"}],"about":[{"href":"https:\/\/evvsm.com\/newsite\/wp-json\/wp\/v2\/types\/page"}],"author":[{"embeddable":true,"href":"https:\/\/evvsm.com\/newsite\/wp-json\/wp\/v2\/users\/1"}],"replies":[{"embeddable":true,"href":"https:\/\/evvsm.com\/newsite\/wp-json\/wp\/v2\/comments?post=34"}],"version-history":[{"count":57,"href":"https:\/\/evvsm.com\/newsite\/wp-json\/wp\/v2\/pages\/34\/revisions"}],"predecessor-version":[{"id":1450,"href":"https:\/\/evvsm.com\/newsite\/wp-json\/wp\/v2\/pages\/34\/revisions\/1450"}],"wp:attachment":[{"href":"https:\/\/evvsm.com\/newsite\/wp-json\/wp\/v2\/media?parent=34"}],"curies":[{"name":"wp","href":"https:\/\/api.w.org\/{rel}","templated":true}]}}