{"id":7,"date":"2011-08-28T22:09:43","date_gmt":"2011-08-28T20:09:43","guid":{"rendered":"http:\/\/evvsm.com\/newsite\/?page_id=7"},"modified":"2025-09-18T16:57:07","modified_gmt":"2025-09-18T14:57:07","slug":"accueil","status":"publish","type":"page","link":"https:\/\/evvsm.com\/newsite\/","title":{"rendered":"Accueil"},"content":{"rendered":"<style type=\"text\/css\">.easingslider-821 { max-width: 940px; }.easingslider-821 .easingslider-image { max-height: 300px; max-width: 940px; }.easingslider-821 .easingslider-fade-in, .easingslider-fade-out { -webkit-animation-duration: 2000ms; -moz-animation-duration: 2000ms; animation-duration: 2000ms; }<\/style><script type=\"text\/javascript\">window.EasingSlider821 = {\"width\":940,\"height\":300,\"singleItem\":true,\"items\":1,\"itemsDesktop\":false,\"itemsDesktopSmall\":false,\"itemsTablet\":false,\"itemsTabletSmall\":false,\"itemsMobile\":false,\"responsive\":true,\"lazyLoad\":true,\"autoPlay\":2500,\"slideSpeed\":2000,\"navigation\":false,\"navigationText\":[\"\",\"\"],\"pagination\":false,\"autoHeight\":false,\"mouseDrag\":false,\"touchDrag\":false,\"addClassActive\":true,\"transitionStyle\":false};<\/script><div data-id=\"821\" class=\"easingslider easingslider-821 easingslider-container easingslider-resizing-enabled easingslider-aspect-ratio\"><div class=\"easingslider-slide\"><img src=\"https:\/\/evvsm.com\/newsite\/wp-content\/plugins\/easing-slider\/assets\/images\/placeholder-pixel.png\" data-src=\"https:\/\/evvsm.com\/newsite\/wp-content\/uploads\/2016\/11\/IMG_9313_2-e1482707400147-940x300.jpg\" alt=\"\" title=\"\" class=\"easingslider-image easingslider-lazy\" \/><\/div><div class=\"easingslider-slide\"><img src=\"https:\/\/evvsm.com\/newsite\/wp-content\/plugins\/easing-slider\/assets\/images\/placeholder-pixel.png\" data-src=\"https:\/\/evvsm.com\/newsite\/wp-content\/uploads\/2022\/08\/M13v2-1-940x300.png\" alt=\"\" title=\"\" class=\"easingslider-image easingslider-lazy\" \/><\/div><div class=\"easingslider-slide\"><img src=\"https:\/\/evvsm.com\/newsite\/wp-content\/plugins\/easing-slider\/assets\/images\/placeholder-pixel.png\" data-src=\"https:\/\/evvsm.com\/newsite\/wp-content\/uploads\/2022\/08\/M15-2-940x300.png\" alt=\"\" title=\"\" class=\"easingslider-image easingslider-lazy\" \/><\/div><div class=\"easingslider-slide\"><img src=\"https:\/\/evvsm.com\/newsite\/wp-content\/plugins\/easing-slider\/assets\/images\/placeholder-pixel.png\" data-src=\"https:\/\/evvsm.com\/newsite\/wp-content\/uploads\/2022\/08\/Loisirs1-1-940x300.png\" alt=\"\" title=\"\" class=\"easingslider-image easingslider-lazy\" \/><\/div><div class=\"easingslider-slide\"><a href=\"none\" target=\"\"><img src=\"https:\/\/evvsm.com\/newsite\/wp-content\/plugins\/easing-slider\/assets\/images\/placeholder-pixel.png\" data-src=\"https:\/\/evvsm.com\/newsite\/wp-content\/uploads\/2015\/11\/slide3-940x300.jpg\" alt=\"\" title=\"\" class=\"easingslider-image easingslider-lazy\" \/><\/a><\/div><div class=\"easingslider-slide\"><img src=\"https:\/\/evvsm.com\/newsite\/wp-content\/plugins\/easing-slider\/assets\/images\/placeholder-pixel.png\" data-src=\"https:\/\/evvsm.com\/newsite\/wp-content\/uploads\/2022\/08\/Loisirs-2-940x300.png\" alt=\"\" title=\"\" class=\"easingslider-image easingslider-lazy\" \/><\/div><div class=\"easingslider-slide\"><img src=\"https:\/\/evvsm.com\/newsite\/wp-content\/plugins\/easing-slider\/assets\/images\/placeholder-pixel.png\" data-src=\"https:\/\/evvsm.com\/newsite\/wp-content\/uploads\/2016\/12\/DSC_0436-e1482707224422-940x300.jpg\" alt=\"\" title=\"\" class=\"easingslider-image easingslider-lazy\" \/><\/div><div class=\"easingslider-slide\"><img src=\"https:\/\/evvsm.com\/newsite\/wp-content\/plugins\/easing-slider\/assets\/images\/placeholder-pixel.png\" data-src=\"https:\/\/evvsm.com\/newsite\/wp-content\/uploads\/2022\/08\/M13-1-940x300.png\" alt=\"\" title=\"\" class=\"easingslider-image easingslider-lazy\" \/><\/div><div class=\"easingslider-slide\"><img src=\"https:\/\/evvsm.com\/newsite\/wp-content\/plugins\/easing-slider\/assets\/images\/placeholder-pixel.png\" data-src=\"https:\/\/evvsm.com\/newsite\/wp-content\/uploads\/2016\/11\/DSC_0436-e1482707013965-940x300.jpg\" alt=\"\" title=\"\" class=\"easingslider-image easingslider-lazy\" \/><\/div><div class=\"easingslider-slide\"><a href=\"none\" target=\"\"><img src=\"https:\/\/evvsm.com\/newsite\/wp-content\/plugins\/easing-slider\/assets\/images\/placeholder-pixel.png\" data-src=\"https:\/\/evvsm.com\/newsite\/wp-content\/uploads\/2015\/11\/slide1-940x300.jpg\" alt=\"\" title=\"\" class=\"easingslider-image easingslider-lazy\" \/><\/a><\/div><div class=\"easingslider-slide\"><a href=\"none\" target=\"\"><img src=\"https:\/\/evvsm.com\/newsite\/wp-content\/plugins\/easing-slider\/assets\/images\/placeholder-pixel.png\" data-src=\"https:\/\/evvsm.com\/newsite\/wp-content\/uploads\/2015\/11\/slide2-940x300.jpg\" alt=\"\" title=\"\" class=\"easingslider-image easingslider-lazy\" \/><\/a><\/div><div class=\"easingslider-slide\"><a href=\"none\" target=\"\"><img src=\"https:\/\/evvsm.com\/newsite\/wp-content\/plugins\/easing-slider\/assets\/images\/placeholder-pixel.png\" data-src=\"https:\/\/evvsm.com\/newsite\/wp-content\/uploads\/2015\/11\/slide4-940x300.jpg\" alt=\"\" title=\"\" class=\"easingslider-image easingslider-lazy\" \/><\/a><\/div><div class=\"easingslider-slide\"><img src=\"https:\/\/evvsm.com\/newsite\/wp-content\/plugins\/easing-slider\/assets\/images\/placeholder-pixel.png\" data-src=\"https:\/\/evvsm.com\/newsite\/wp-content\/uploads\/2022\/08\/R1M2-2-940x300.png\" alt=\"\" title=\"\" class=\"easingslider-image easingslider-lazy\" \/><\/div><\/div>\n<p>Bienvenue sur le site de l&rsquo;Espace Volley Vernon-Saint-Marcel, l&rsquo;un des premiers clubs formateurs de volley-ball de l&rsquo;Eure !<\/p>\n<p>Toutes les news, les r\u00e9sultats des matchs, les infos sur le club, les inscriptions et les \u00e9v\u00e9nements \u00e0 venir sont ici !<\/p>\n<p>-N&rsquo;h\u00e9sitez pas \u00e0 nous contacter si besoin &#8230; \ud83d\ude09<\/p>\n<p>Sportivement v\u00f4tre,<\/p>\n<p>L&rsquo;EVVSM<\/p>\n<hr \/>\n<h3><span style=\"text-decoration: underline;\"><em><strong>LIENS UTILES<\/strong><\/em><\/span><\/h3>\n<p><a href=\"https:\/\/www.ffvbbeach.org\/ffvbapp\/resu\/vbspo_calendrier.php?saison=2025%2F2026&amp;codent=LILBNV&amp;poule=PNM&amp;division=&amp;tour=&amp;calend=COMPLET&amp;x=15&amp;y=22\">Championnat PNM<\/a><\/p>\n<p><a href=\"https:\/\/www.ffvbbeach.org\/ffvbapp\/resu\/vbspo_calendrier.php?saison=2025%2F2026&amp;codent=LILBNV&amp;poule=PNF&amp;division=&amp;tour=&amp;calend=COMPLET&amp;x=18&amp;y=24\">Championnat PNF<\/a><\/p>\n<p><a href=\"https:\/\/www.ffvbbeach.org\/ffvbapp\/resu\/vbspo_calendrier.php?saison=2025\/2026&amp;codent=PTLH27&amp;poule=DPM\">Championnat DEP<\/a><\/p>\n<hr \/>\n<h3><span style=\"text-decoration: underline;\"><em><strong>INSCRIPTIONS<\/strong><\/em><\/span><\/h3>\n<p>Pour les inscriptions pour la saison 2025-2026, rendez-vous sur la <a href=\"https:\/\/evvsm.com\/newsite\/inscription\/\">page d&rsquo;inscription<\/a> !<\/p>\n<hr \/>\n<h3><span style=\"text-decoration: underline;\"><em><strong>CALENDRIERS<\/strong><\/em><\/span><\/h3>\n<p>Ci-dessous le calendrier g\u00e9n\u00e9ral des diff\u00e9rentes \u00e9quipes du club <a href=\"http:\/\/evvsm.com\/calendrier\">(cliquez ici pour l&rsquo;afficher en pleine page)<\/a><\/p>\n<p>Vous pouvez choisir de n&rsquo;afficher que certaines cat\u00e9gories en cliquant sur la fl\u00e8che en haut \u00e0 droite.<br \/>\n<em><strong>Et en cliquant en bas \u00e0 droite (sur le \u00ab\u00a0+GoogleAgenda\u00a0\u00bb, depuis un ordinateur uniquement) vous avez la possibilit\u00e9 de vous abonner \u00e0 ces diff\u00e9rents agendas pour avoir les mises \u00e0 jour en temps r\u00e9el sur votre smartphone\/tablette\/ordinateur<\/strong><\/em> !<\/p>\n<p style=\"text-align: center;\"><iframe loading=\"lazy\" style=\"border-width: 0;\" src=\"https:\/\/calendar.google.com\/calendar\/embed?title=Calendriers%20EVVSM&amp;showTz=0&amp;height=650&amp;wkst=2&amp;bgcolor=%23FFFFFF&amp;src=9emgq7dni9prf10m4p688bt2vo%40group.calendar.google.com&amp;color=%23182C57&amp;src=ejsc9i19h999uvbacdtqi9r5j0%40group.calendar.google.com&amp;color=%23B1365F&amp;src=q55ak3alnqt6psrp7geamctq70%40group.calendar.google.com&amp;color=%23711616&amp;src=koea8vimltf57p3g914vgp6bc4%40group.calendar.google.com&amp;color=%235C1158&amp;src=1bvulq2k5tlidt8mpibivug5h8%40group.calendar.google.com&amp;color=%235C1158&amp;src=1v6pv8sdjn518pggmhdkmmv3m4%40group.calendar.google.com&amp;color=%23B1440E&amp;src=0i2c5qvm7rfjaodjlfuar8jv9k%40group.calendar.google.com&amp;color=%232F6309&amp;src=950l6rmjurb9mrgop88ndht8mg%40group.calendar.google.com&amp;color=%235229A3&amp;src=jbe0rff3o99egofmjgpu4vfqe0%40group.calendar.google.com&amp;color=%2329527A&amp;src=fo7116engaab4ibdlughq7t9i0%40group.calendar.google.com&amp;color=%23AB8B00&amp;src=41b23c55c6b197c18042429fc68d3ecbfe342444e3ea964c06bd72025ad459c4%40group.calendar.google.com&amp;color=%23D81B60amp;src=fr.french%23holiday%40group.v.calendar.google.com&amp;color=%23A32929&amp;src=7p98s05f8qu3n0ki1v9tsjjc60%40group.calendar.google.com&amp;color=%23A32929&amp;ctz=Europe%2FBrussels\" width=\"700\" height=\"600\" frameborder=\"0\" scrolling=\"yes\" data-mce-fragment=\"1\"><\/iframe><\/p>\n<h4><span style=\"color: #ff0000;\">Et avec un calendrier aussi charg\u00e9&#8230;<\/span><\/h4>\n<h3><span style=\"color: #ff0000;\">Nous avons besoin de vous pour aider tous ces jeunes \u00e0 pratiquer et \u00e0 participer aux tournois.<br \/>\n<\/span><strong>Plus d&rsquo;infos dans la rubrique <a href=\"https:\/\/evvsm.com\/newsite\/organisation\/\">\u00ab\u00a0Organisation\u00a0\u00bb<\/a>\u00a0<\/strong><\/h3>\n<h3><\/h3>\n<h3><span style=\"text-decoration: underline;\"><em><strong>LES CRENEAUX D&rsquo;ENTRA\u00ceNEMENT<\/strong><\/em><\/span><\/h3>\n<p><strong><span style=\"text-decoration: underline;\">Loisirs<\/span> <\/strong>:<em> les lundis et jeudis de 19h45 \u00e0 21h30 au COSEC de Saint-Marcel.<\/em><\/p>\n<p><strong><span style=\"text-decoration: underline;\">Equipes Seniors<\/span>\u00a0:<\/strong><br \/>\n<em>&#8211; <span style=\"text-decoration: underline;\">PRENATIONALE Masculine<\/span> : les mardis et jeudis de 20h \u00e0 22h au COSEC des Boutardes \u00e0 Vernon.<br \/>\n<\/em><em>V<\/em><em>ous \u00eates int\u00e9ress\u00e9\u00a0pour int\u00e9grer l&rsquo;\u00e9quipe ? Contactez Fabien au 06.10.74.<\/em><em>06.68.<br \/>\n&#8211; <span style=\"text-decoration: underline;\">DEPARTEMENTALE Masculine<\/span> : les mercredis de 20h \u00e0 22h au COSEC des Boutardes \u00e0 Vernon.<\/em><\/p>\n<p><em>&#8211; <span style=\"text-decoration: underline;\">PRENATIONALE <\/span><u>F\u00e9minine <\/u>: les mercredis et vendredis de 19h30 \u00e0 21h30 au COSEC de Saint-Marcel.<\/em><\/p>\n<p>Pour toutes les cat\u00e9gories <strong><span style=\"text-decoration: underline;\">Jeunes<\/span> <\/strong>: <a href=\"https:\/\/evvsm.com\/newsite\/wp-content\/uploads\/Creneaux2025-2026.xlsx_maj2025-09-08.pdf\">cr\u00e9neaux d&rsquo;entra\u00eenement pour la saison 2025-2026<\/a><\/p>\n<p>Rappel des adresses des gymnases :<\/p>\n<p><center>COSEC de Saint-Marcel : 18 rue de barri\u00e8re, 27950 Saint-Marcel :<\/p>\n<p><iframe loading=\"lazy\" src=\"https:\/\/www.google.com\/maps\/embed?pb=!1m18!1m12!1m3!1d2612.152089119644!2d1.445100451356739!3d49.10275109132216!2m3!1f0!2f0!3f0!3m2!1i1024!2i768!4f13.1!3m3!1m2!1s0x47e6cb9d30b3916d%3A0x85ee591775ca3752!2sComplexe%20sportif%20COSEC!5e0!3m2!1sfr!2sfr!4v1624539655419!5m2!1sfr!2sfr\" width=\"300\" height=\"200\" allowfullscreen=\"allowfullscreen\" data-mce-fragment=\"1\"><\/iframe><\/p>\n<p>COSEC des Boutardes \u00e0 Vernon : rue Edith Blanchet, 27200 Vernon :<\/p>\n<p><iframe loading=\"lazy\" src=\"https:\/\/www.google.com\/maps\/embed?pb=!1m18!1m12!1m3!1d3696.1082724396565!2d1.4924297241640576!3d49.07631667636624!2m3!1f0!2f0!3f0!3m2!1i1024!2i768!4f13.1!3m3!1m2!1s0x47e6c97950cf7655%3A0x26db3d1df648adfe!2sSalle%20des%20sports%20des%20Boutardes!5e0!3m2!1sfr!2sfr!4v1624539698593!5m2!1sfr!2sfr\" width=\"300\" height=\"200\" allowfullscreen=\"allowfullscreen\" data-mce-fragment=\"1\"><\/iframe><\/p>\n<p><\/center><\/p>\n<p style=\"text-align: center;\">\n","protected":false},"excerpt":{"rendered":"<p>Bienvenue sur le site de l&rsquo;Espace Volley Vernon-Saint-Marcel, l&rsquo;un des premiers clubs formateurs de volley-ball de l&rsquo;Eure ! Toutes les news, les r\u00e9sultats des matchs, les infos sur le club, les inscriptions et les \u00e9v\u00e9nements \u00e0 venir sont ici ! &hellip; <a href=\"https:\/\/evvsm.com\/newsite\/\">En lire plus <span class=\"meta-nav\">&rarr;<\/span><\/a><\/p>\n","protected":false},"author":8,"featured_media":0,"parent":0,"menu_order":0,"comment_status":"closed","ping_status":"closed","template":"onecolumn-page.php","meta":[],"_links":{"self":[{"href":"https:\/\/evvsm.com\/newsite\/wp-json\/wp\/v2\/pages\/7"}],"collection":[{"href":"https:\/\/evvsm.com\/newsite\/wp-json\/wp\/v2\/pages"}],"about":[{"href":"https:\/\/evvsm.com\/newsite\/wp-json\/wp\/v2\/types\/page"}],"author":[{"embeddable":true,"href":"https:\/\/evvsm.com\/newsite\/wp-json\/wp\/v2\/users\/8"}],"replies":[{"embeddable":true,"href":"https:\/\/evvsm.com\/newsite\/wp-json\/wp\/v2\/comments?post=7"}],"version-history":[{"count":183,"href":"https:\/\/evvsm.com\/newsite\/wp-json\/wp\/v2\/pages\/7\/revisions"}],"predecessor-version":[{"id":1791,"href":"https:\/\/evvsm.com\/newsite\/wp-json\/wp\/v2\/pages\/7\/revisions\/1791"}],"wp:attachment":[{"href":"https:\/\/evvsm.com\/newsite\/wp-json\/wp\/v2\/media?parent=7"}],"curies":[{"name":"wp","href":"https:\/\/api.w.org\/{rel}","templated":true}]}}